

{"id":213,"date":"2022-02-12T20:46:36","date_gmt":"2022-02-12T19:46:36","guid":{"rendered":"https:\/\/sieben-schwaben-fuerth.de\/wp7s\/?page_id=213"},"modified":"2025-10-09T14:15:55","modified_gmt":"2025-10-09T12:15:55","slug":"anfahrt","status":"publish","type":"page","link":"https:\/\/sieben-schwaben-fuerth.de\/wp7s\/anfahrt\/","title":{"rendered":"Der Weg zu uns"},"content":{"rendered":"\n<p>Die \u00bbSieben Schwaben\u00ab liegen an der Ecke Otto-Seeling-Promenade \/ Goethestra\u00dfe, direkt am F\u00fcrther Stadtpark.<br><br>Kostenlose \u00f6ffentliche Parkpl\u00e4tze gibt es rund um unsere Gastst\u00e4tte nur in begrenzter Zahl. Das n\u00e4chste Parkhaus \u00bbJakobinenstra\u00dfe\u00ab findet ihr in der Gebhardtstra\u00dfe 22.<br><br>Wenn ihr auf Nummer sicher gehen (und etwas trinken) wollt, empfehlen wir Euch den Bus oder die U-Bahn zu nehmen:<\/p>\n\n\n\n<p>Die n\u00e4chste Haltestelle \u00bbLuisenstra\u00dfe\u00ab der Linie 37 ist nur 200m entfernt.<br><br>Der Abstand zu den beiden U-Bahn-Haltestellen \u00bbJakobinenstra\u00dfe\u00ab (rund 700m) und \u00bbF\u00fcrth Hauptbahnhof\u00ab (etwa 800m) ist jeweils etwa gleich weit: Es sind zu Fu\u00df rund 10 Minuten.<\/p>\n\n\n\n<p><a rel=\"noreferrer noopener\" href=\"https:\/\/www.vgn.de\/universallink\/trip?&amp;destination_lat=49.47201&amp;destination_lng=10.9981\" target=\"_blank\">Hier geht&#8217;s zur VGN-Fahrplanauskunft<\/a><\/p>\n\n\n\n\n\n\t\t\t\t<div id=\"map_ol3js_1\" class=\"map undefined\" data-map_name=\"undefined\" data-map=\"map_ol3js_1\" style=\"width:95%; max-width:100%; height:450px; display:block; overflow:hidden;border:2px solid grey;\" >\n\t\t\t\t  <div id=\"map_ol3js_1_popup\" class=\"ol-popup\" >\n\t\t\t\t\t<a href=\"#\" id=\"map_ol3js_1_popup-closer\" class=\"ol-popup-closer\"><\/a>\n\t\t\t\t\t<div id=\"map_ol3js_1_popup-content\" ><\/div>\n\t\t\t\t  <\/div>\n\t\t\t\t<\/div>\n\t\t\t\n\t\t\t\t<link rel=\"stylesheet\" href=\"https:\/\/sieben-schwaben-fuerth.de\/wp7s\/wp-content\/plugins\/osm\/js\/OL\/6.9.0\/ol.css?ver=6.9.0\" type=\"text\/css\">\n\t\t\t\t<link rel=\"stylesheet\" href=\"https:\/\/sieben-schwaben-fuerth.de\/wp7s\/wp-content\/plugins\/osm\/css\/osm_map_v3.css?ver=1.0.0\" type=\"text\/css\">\n\t\t\t\t<link rel=\"stylesheet\" href=\"https:\/\/sieben-schwaben-fuerth.de\/wp7s\/wp-content\/plugins\/osm\/css\/osm_map.css?ver=1.0.0\" type=\"text\/css\">\n\t\t\t\t<!-- The line below is only needed for old environments like Internet Explorer and Android 4.x -->\n                                <script src=\"https:\/\/sieben-schwaben-fuerth.de\/wp7s\/wp-content\/plugins\/osm\/js\/polyfill\/v2\/polyfill.min.js?features=requestAnimationFrame,Element.prototype.classList,URL\"><\/script>\n\n\t\t\t\t<script src=\"https:\/\/sieben-schwaben-fuerth.de\/wp7s\/wp-content\/plugins\/osm\/js\/OL\/6.9.0\/ol.js?ver=6.9.0\" type=\"text\/javascript\"><\/script>\n\t\t\t\t<script src=\"https:\/\/sieben-schwaben-fuerth.de\/wp7s\/wp-content\/plugins\/osm\/js\/osm-v3-plugin-lib.js?ver=1.0.0\" type=\"text\/javascript\"><\/script>\n\t\t\t\t<script src=\"https:\/\/sieben-schwaben-fuerth.de\/wp7s\/wp-content\/plugins\/osm\/js\/osm-metabox-events.js?ver=1.0.0\" type=\"text\/javascript\"><\/script>\n\t\t\t\t<script src=\"https:\/\/sieben-schwaben-fuerth.de\/wp7s\/wp-content\/plugins\/osm\/js\/osm-startup-lib.js\" type=\"text\/javascript\"><\/script>\n\t\t\t\t<script type=\"text\/javascript\">\n\t\t\t\t\ttranslations['openlayer'] = \"open layer\";\n\t\t\t\t\ttranslations['openlayerAtStartup'] = \"open layer at startup\";\n\t\t\t\t\ttranslations['generateLink'] = \"Der Link zur Karte mit ausgew\u00e4hlten Overlays und angezeigtem Ausschnitt\";\n\t\t\t\t\ttranslations['shortDescription'] = \"Kurzbeschreibung\";\n\t\t\t\t\ttranslations['generatedShortCode'] = \"to get a text control link paste this code in your wordpress editor\";\n\t\t\t\t\ttranslations['closeLayer'] = \"close layer\";\n\t\t\t\t\ttranslations['cantGenerateLink'] = \"put this string in the existing map short code to control this map\";\n\t\t\t  <\/script>\n\n\n\t\t\t  <script type=\"text\/javascript\">\n\t\t\t  vectorM['map_ol3js_1'] = [];\n\t        \n        var raster = getTileLayer(\"osm\",\"NoKey\");\t\t\t\n\n\t\t\t  var map_ol3js_1 = new ol.Map({\n\t\t\t\tinteractions: ol.interaction.defaults({mouseWheelZoom:false}),\n\t\t\t\tlayers: [raster],\n\t\t\t\ttarget: \"map_ol3js_1\",\n\t\t\t\tview: new ol.View({\n\t\t\t\t  center: ol.proj.transform([10.9961,49.4705], \"EPSG:4326\", \"EPSG:3857\"),\n\t\t\t\t  zoom: 16.0\n\t\t\t\t})\n\t\t\t  });\n\t\t\t  osm_addMarkerLayer(map_ol3js_1,10.9982,49.4720,\"https:\/\/sieben-schwaben-fuerth.de\/wp7s\/wp-content\/plugins\/osm\/icons\/mic_green_restaurant_02.png\",-16,-41,\"7 Schwaben  <\/a><br \/>\") ; \naddControls2Map(map_ol3js_1,0,0,3,0,5,6,7,0,1);\nosm_addPopupClickhandler(map_ol3js_1,  \"map_ol3js_1\"); \nosm_addMouseHover(map_ol3js_1); <\/script>\n","protected":false},"excerpt":{"rendered":"<p>Die \u00bbSieben Schwaben\u00ab liegen an der Ecke Otto-Seeling-Promenade \/ Goethestra\u00dfe, direkt am F\u00fcrther Stadtpark. Kostenlose \u00f6ffentliche Parkpl\u00e4tze gibt es rund um unsere Gastst\u00e4tte nur in begrenzter Zahl. Das n\u00e4chste Parkhaus \u00bbJakobinenstra\u00dfe\u00ab findet ihr in der Gebhardtstra\u00dfe 22. Wenn ihr auf Nummer sicher gehen (und etwas trinken) wollt, empfehlen wir Euch den Bus oder die U-Bahn [&hellip;]<\/p>\n","protected":false},"author":1,"featured_media":0,"parent":0,"menu_order":0,"comment_status":"closed","ping_status":"closed","template":"","meta":{"footnotes":""},"class_list":["post-213","page","type-page","status-publish","hentry"],"_links":{"self":[{"href":"https:\/\/sieben-schwaben-fuerth.de\/wp7s\/wp-json\/wp\/v2\/pages\/213","targetHints":{"allow":["GET"]}}],"collection":[{"href":"https:\/\/sieben-schwaben-fuerth.de\/wp7s\/wp-json\/wp\/v2\/pages"}],"about":[{"href":"https:\/\/sieben-schwaben-fuerth.de\/wp7s\/wp-json\/wp\/v2\/types\/page"}],"author":[{"embeddable":true,"href":"https:\/\/sieben-schwaben-fuerth.de\/wp7s\/wp-json\/wp\/v2\/users\/1"}],"replies":[{"embeddable":true,"href":"https:\/\/sieben-schwaben-fuerth.de\/wp7s\/wp-json\/wp\/v2\/comments?post=213"}],"version-history":[{"count":9,"href":"https:\/\/sieben-schwaben-fuerth.de\/wp7s\/wp-json\/wp\/v2\/pages\/213\/revisions"}],"predecessor-version":[{"id":1261,"href":"https:\/\/sieben-schwaben-fuerth.de\/wp7s\/wp-json\/wp\/v2\/pages\/213\/revisions\/1261"}],"wp:attachment":[{"href":"https:\/\/sieben-schwaben-fuerth.de\/wp7s\/wp-json\/wp\/v2\/media?parent=213"}],"curies":[{"name":"wp","href":"https:\/\/api.w.org\/{rel}","templated":true}]}}